base 7?
-10431
-221013 (base 7) to base 8
-113561
-21324 (base 5) to base 12
-a20
Convert 2142 (base 5) to base 13.
19b
-1023 (base 4) to base 9
-83
1869b (base 12) to base 14
cd4b
What is -2636 (base 14) in base 4?
-1220320
122302 (base 5) to base 9
6404
-13103223 (base 4) to base 11
-20540
-7728 (base 11) to base 15
-3049
Convert -20111220 (base 3) to base 5.
-122444
-5846 (base 13) to base 8
-30153
1930a (base 11) to base 8
64561
Convert -339 (base 12) to base 3.
-122200
What is -21201 (base 4) in base 14?
-317
-154105 (base 6) to base 9
-22715
112021022 (base 3) to base 8
24243
What is -62a0 (base 12) in base 3?
-112210010
6550 (base 13) to base 12
81a4
Convert 10102 (base 3) to base 5.
332
What is -212321 (base 4) in base 7?
-10154
Convert -56 (base 11) to base 2.
-111101
-4986 (base 11) to base 15
-1ddc
Convert -1015 (base 6) to base 15.
-102
2020021 (base 3) to base 14
843
What is -3231032 (base 4) in base 14?
-5766
Convert -66a5 (base 11) to base 12.
-5137
330 (base 6) to base 15
86
Convert 1100 (base 4) to base 2.
1010000
What is -1001202 (base 3) in base 13?
-479
What is 433 (base 12) in base 5?
4430
1cb5 (base 14) to base 16
1487
Convert 423 (base 7) to base 14.
113
What is 15352 (base 8) in base 14?
2722
30b (base 14) to base 2
1001010111
Convert -2551 (base 7) to base 15.
-447
14052 (base 7) to base 9
5203
-1470 (base 10) to base 13
-891
What is -431350 (base 6) in base 7?
-205023
-1168 (base 9) to base 5
-11442
-60625 (base 8) to base 9
-37236
-112422 (base 5) to base 13
-1b44
Convert -9339 (base 10) to base 3.
-110210220
Convert 33b (base 16) to base 8.
1473
-22ba (base 12) to base 5
-111021
75 (base 12) to base 5
324
Convert 15 (base 7) to base 3.
110
6421 (base 10) to base 7
24502
Convert 2020 (base 3) to base 15.
40
Convert -1767 (base 8) to base 10.
-1015
Convert 3676 (base 8) to base 15.
8c2
Convert 200220122 (base 3) to base 5.
420122
517b (base 14) to base 7
55614
17882 (base 10) to base 7
103064
-38 (base 10) to base 12
-32
-1118 (base 9) to base 13
-4b8
What is -26214 (base 7) in base 8?
-15471
What is 320200 (base 7) in base 14?
16237
Convert 2258 (base 9) to base 6.
11425
-27124 (base 8) to base 12
-6a44
Convert 694 (base 15) to base 9.
2034
What is -b77 (base 12) in base 16?
-68b
Convert 6502 (base 7) to base 4.
210001
Convert 1042002 (base 5) to base 4.
10133021
What is -58122 (base 9) in base 13?
-1482b
-4ab (base 15) to base 13
-638
4ded (base 15) to base 3
211211121
What is 1300 (base 14) in base 13?
1694
Convert 1010220 (base 3) to base 6.
3510
Convert 131121 (base 4) to base 10.
1881
What is 114053 (base 6) in base 16?
26f1
What is -3a7 (base 13) in base 9?
-785
20e5 (base 16) to base 5
232141
Convert 261e (base 15) to base 2.
1111111000001
Convert -537 (base 8) to base 6.
-1343
What is b39 (base 14) in base 13?
100a
-1665 (base 7) to base 4
-22230
Convert 10121 (base 3) to base 11.
89
What is 16042 (base 10) in base 11?
11064
4127 (base 8) to base 6
13515
What is 3ac6 (base 16) in base 8?
35306
-306354 (base 7) to base 13
-1ac82
What is 3556 (base 8) in base 9?
2543
-11122121 (base 3) to base 6
-23411
What is -5e07 (base 16) in base 9?
-36015
What is 2896 (base 16) in base 13?
4963
What is -13c4b (base 13) in base 6?
-444231
-11051 (base 9) to base 16
-1ca8
What is -4423 (base 7) in base 6?
-11201
-110323 (base 4) to base 7
-3622
-2641 (base 7) to base 2
-1111110001
2154 (base 8) to base 12
7a4
-5220 (base 7) to base 16
-723
27277 (base 9) to base 4
10200121
What is 453 (base 10) in base 15?
203
Convert -1685 (base 11) to base 12.
-12b2
724 (base 9) to base 7
1501
What is 11121 (base 3) in base 5?
444
7075 (base 8) to base 13
1875
5018 (base 9) to base 8
7116
What is 6b8 (base 13) in base 6?
5221
Convert -1b8 (base 14) to base 3.
-111021
-37334 (base 8) to base 14
-5c16
-11001010001001 (base 2) to base 5
-403222
What is 24456 (base 7) in base 2?
1100100001011
Convert -22a0 (base 11) to base 13.
-14ab
Convert 13223013 (base 4) to base 16.
7ac7
Convert -23320 (base 4) to base 13.
-466
101101001001 (base 2) to base 13
1413
Convert -100110101101 (base 2) to base 8.
-4655
What is -42037 (base 8) in base 10?
-17439
What is -87a (base 12) in base 4?
-103132
-1401 (base 6) to base 5
-2421
What is 3658 (base 9) in base 3?
10201222
What is 7777 (base 8) in base 9?
5550
5491 (base 11) to base 14
28d1
What is 8090 (base 10) in base 8?
17632
-1001111100 (base 2) to base 13
-39c
-ff6 (base 16) to base 9
-5540
-20971 (base 13) to base 12
-29ba7
13132201 (base 4) to base 13
10c2a
Convert 8364 (base 12) to base 2.
11011111111100
1166 (base 11) to base 14
7ac
-268 (base 9) to base 13
-143
-550111 (base 6) to base 7
-246241
Convert 324611 (base 7) to base 9.
86038
Convert -114362 (base 7) to base 8.
-50443
-3220 (base 10) to base 6
-22524
Convert -31 (base 13) to base 8.
-50
27b (base 16) to base 11
528
-e717 (base 15) to base 13
-19306
What is -12134 (base 5) in base 9?
-1231
What is 860a (base 15) in base 7?
145453
201200222 (base 3) to base 7
56606
321015 (base 6) to base 4
12120203
Convert 774 (base 8) to base 14.
284
What is -512 (base 13) in base 5?
-11420
Convert 266b (base 13) to base 14.
2009
-2022122022 (base 3) to base 14
-128db
What is -4159 (base 14) in base 12?
-6617
5a5 (base 11) to base 15
330
3311 (base 7) to base 2
10010100000
-304312 (base 5) to base 3
-111122210
-134502 (base 6) to base 10
-12710
-105455 (base 6) to base 5
-242120
51b1 (base 13) to base 6
124150
Convert 2364 (base 8) to base 13.
767
-53 (base 11) to base 10
-58
Convert 1200033 (base 4) to base 5.
144114
What is 13110 (base 5) in base 8?
2006
Convert 1030442 (base 5) to base 8.
42326
Convert 1631 (base 15) to base 10.
4771
Convert -1011010110001 (base 2) to base 16.
-16b1
Convert 19197 (base 11) to base 4.
12203133
-3108 (base 9) to base 15
-a1b
-1223 (base 4) to base 6
-255
Convert -6951 (base 10) to base 16.
-1b27
What is -21332 (base 5) in base 10?
-1467
Convert -466 (base 11) to base 15.
-271
What is 1496 (base 12) in base 4?
211302
Convert 1c2 (base 13) to base 14.
195
Convert 211 (base 6) to base 3.
2221
What is -371 (base 9) in base 10?
-307
What is -4c2c (base 13) in base 4?
-2221212
Convert 855 (base 9) to base 7.
2015
What is -10004 (base 6) in base 4?
-110110
Convert 10e (base 15) to base 4.
3233
Convert -1316 (base 13) to base 14.
-dc7
Convert -101111000010 (base 2) to base 5.
-44020
b5d (base 15) to base 13
1222
What is -1511 (base 6) in base 13?
-250
What is -45a3 (base 12) in base 4?
-1321023
Convert -528 (base 15) to base 11.
-968
Convert 2a6a9 (base 12) to base 7.
336120
13460 (base 8) to base 9
8125
112021 (base 4) to base 5
21132
What is 5204 (base 7) in base 5?
24232
Convert -11a9 (base 13) to base 7.
-10206
Convert 60 (base 12) to base 9.
80
Convert -1001020 (base 3) to base 16.
-2fa
What is 3d4 (base 14) in base 8?
1406
3332 (base 11) to base 4
1010213
Convert 1518 (base 10) to base 15.
6b3
What is 2668 (base 9) in base 12?
11b2
What is -12411 (base 5) in base 12?
-699
What is 177 (base 16) in base 7?
1044
What is -1c5d (base 14) in base 10?
-5179
-131113 (base 4) to base 11
-1459
What is -2050 (base 9) in base 11?
-1147
-3524 (base 7) to base 15
-5b2
-3db1 (base 14) to base 13
-4c92
Convert 27066 (base 8) to base 12.
6a1a
What is b201 (base 15) in base 8?
111310
-2820 (base 12) to base 14
-198c
Convert 926 (base 13) to base 4.
120101
Convert 21313 (base 7) to base 16.
14b6
-1222332 (base 4) to base 5
-204341
What is -c0 (base 13) in base 15?
-a6
-104 (base 13) to base 16
-ad
8a9 (base 14) to base 15
797
-13313013 (base 4) to base 7
-162606
What is -1005253 (base 6) in base 13?
-18a11
-1033 (base 13) to base 12
-1367
What is 110223 (base 7) in base 3?
222111200
Convert 313233 (base 4) to base 10.
3567
-3123223 (base 4) to base 10
-14059
-3350 (base 13) to base 14
-2879
-416 (base 16) to base 7
-3023
Convert -22d2 (base 16) to base 14.
-336a
What is -62635 (base 8) in base 2?
-110010110011101
Convert 2f2 (base 16) to base 7.
2125
-2c7 (base 16) to base 12
-4b3
What is -c89 (base 13) in base 2?
-100001011101
166ca (base 15) to base 2
10001101011011111
517 (base 15) to base 3
1120111
-1010001111101000 (base 2) to base 3
-2010120002
12233 (base 4) to base 16
1af
11040 (base 6) to base 9
2086
What is 125a (base 12) in bas